ainder when 29186 is divided by 5832.
26
Calculate the remainder when 62036383 is divided by 91.
45
What is the remainder when 7588516 is divided by 92?
80
What is the remainder when 166689 is divided by 732?
525
Calculate the remainder when 12651016 is divided by 3338.
3334
Calculate the remainder when 85030198 is divided by 2435.
2433
What is the remainder when 49602134 is divided by 2?
0
What is the remainder when 45187 is divided by 7145?
2317
Calculate the remainder when 16439 is divided by 12541.
3898
What is the remainder when 38936119 is divided by 12978702?
13
Calculate the remainder when 1091671 is divided by 108.
7
Calculate the remainder when 1114670 is divided by 1078.
18
Calculate the remainder when 4808078 is divided by 1326.
2
What is the remainder when 1105893 is divided by 221175?
18
Calculate the remainder when 430143 is divided by 82.
53
What is the remainder when 7716791 is divided by 77?
5
Calculate the remainder when 9288 is divided by 9174.
114
Calculate the remainder when 19117824 is divided by 359.
356
Calculate the remainder when 12736590 is divided by 4245529.
3
What is the remainder when 808755 is divided by 11388?
207
What is the remainder when 47089 is divided by 22962?
1165
Calculate the remainder when 732618 is divided by 182866.
1154
What is the remainder when 638279 is divided by 960?
839
Calculate the remainder when 118002 is divided by 117443.
559
Calculate the remainder when 224317 is divided by 122.
81
What is the remainder when 233983539 is divided by 219?
216
What is the remainder when 15551743 is divided by 2397?
7
Calculate the remainder when 2540151 is divided by 252.
243
Calculate the remainder when 143737149 is divided by 14.
3
Calculate the remainder when 17381201 is divided by 68.
61
Calculate the remainder when 681016 is divided by 586.
84
Calculate the remainder when 58133 is divided by 77.
75
Calculate the remainder when 2433437 is divided by 608349.
41
Calculate the remainder when 32805937 is divided by 398.
389
Calculate the remainder when 755193 is divided by 31.
2
What is the remainder when 194983524 is divided by 35?
29
What is the remainder when 76810 is divided by 1186?
906
What is the remainder when 470830 is divided by 27?
4
What is the remainder when 388790002 is divided by 3228?
3226
What is the remainder when 30048688 is divided by 969?
967
Calculate the remainder when 1284267 is divided by 642040.
187
Calculate the remainder when 979767 is divided by 55.
52
Calculate the remainder when 4309920 is divided by 2372.
2368
Calculate the remainder when 375768 is divided by 9164.
44
What is the remainder when 5372010 is divided by 315?
0
Calculate the remainder when 546117 is divided by 1993.
35
Calculate the remainder when 5974794 is divided by 5974773.
21
What is the remainder when 13235928 is divided by 6185?
28
Calculate the remainder when 1223955 is divided by 942.
297
Calculate the remainder when 220223099 is divided by 30.
29
What is the remainder when 415006 is divided by 4028?
122
What is the remainder when 98738 is divided by 97715?
1023
What is the remainder when 54784 is divided by 1713?
1681
Calculate the remainder when 66239 is divided by 1054.
891
What is the remainder when 59119027 is divided by 30209?
14
Calculate the remainder when 449477 is divided by 2247.
77
What is the remainder when 128653894 is divided by 2226?
2224
Calculate the remainder when 32183 is divided by 6284.
763
Calculate the remainder when 84091 is divided by 7636.
95
What is the remainder when 738553 is divided by 1606?
1399
Calculate the remainder when 44836817 is divided by 996373.
32
Calculate the remainder when 153815 is divided by 1857.
1541
What is the remainder when 625147 is divided by 8334?
97
What is the remainder when 19401486 is divided by 19?
16
What is the remainder when 158949 is divided by 203?
0
Calculate the remainder when 35204830 is divided by 12.
10
Calculate the remainder when 29434 is divided by 6538.
3282
Calculate the remainder when 907947 is divided by 151315.
57
What is the remainder when 10251254 is divided by 353491?
15
Calculate the remainder when 9472 is divided by 628.
52
Calculate the remainder when 11506749 is divided by 25.
24
Calculate the remainder when 541576794 is divided by 38.
34
What is the remainder when 21260 is divided by 4689?
2504
What is the remainder when 177914 is divided by 139?
133
What is the remainder when 18818 is divided by 2542?
1024
What is the remainder when 71938 is divided by 1713?
1705
What is the remainder when 651499 is divided by 217150?
49
What is the remainder when 56707 is divided by 1817?
380
Calculate the remainder when 864318 is divided by 864317.
1
Calculate the remainder when 11239868 is divided by 17.
12
Calculate the remainder when 14410675 is divided by 2424.
2419
What is the remainder when 5205628 is divided by 1095?
1093
What is the remainder when 1915885 is divided by 697?
529
What is the remainder when 19664 is divided by 9799?
66
Calculate the remainder when 10695 is divided by 4850.
995
Calculate the remainder when 2644065 is divided by 6236.
1
Calculate the remainder when 586501 is divided by 2918.
2901
What is the remainder when 436726 is divided by 13647?
22
What is the remainder when 91193 is divided by 307?
14
What is the remainder when 3647607 is divided by 260539?
61
Calculate the remainder when 20062266 is divided by 1636.
1634
What is the remainder when 66097605 is divided by 1211?
14
Calculate the remainder when 67810471 is divided by 7670.
1
What is the remainder when 114314 is divided by 38102?
8
What is the remainder when 148170 is divided by 36808?
938
What is the remainder when 259587 is divided by 3372?
3315
Calculate the remainder when 12125925 is divided by 402.
399
Calculate the remainder when 1103020 is divided by 5656.
100
What is the remainder when 252596 is divided by 22730?
2566
What is the remainder when 217353757 is divided by 393?
391
Calculate the remainder when 59577749 is divided by 3841.
3839
Calculate the remainder when 1409995 is divided by 704884.
227
What is the remainder when 6500418 is divided by 80?
18
What is the remainder when 24438097 is divided by 6109516?
33
What is the remainder when 2387026 is divided by 266?
208
Calculate the remainder when 17435431 is divided by 1061.
18
Calculate the remainder when 826817 is divided by 889.
47
What is the remainder when 7004094 is divided by 1978?
1974
What is the remainder when 5997289 is divided by 499774?
1
Calculate the remainder when 2710634 is divided by 101.
97
What is the remainder when 565085 is divided by 4486?
4335
What is the remainder when 4804 is divided by 2605?
2199
Calculate the remainder when 67371 is divided by 3546.
3543
Calculate the remainder when 13466746 is divided by 11928.
34
Calculate the remainder when 3471057 is divided by 751.
686
What is the remainder when 456571 is divided by 152081?
328
What is the remainder when 3190420 is divided by 638078?
30
Calculate the remainder when 293553 is divided by 36692.
17
Calculate the remainder when 121222 is divided by 306.
46
Calculate the remainder when 2418904 is divided by 677.
660
Calculate the remainder when 476577 is divided by 136.
33
Calculate the remainder when 13598840 is divided by 13598836.
4
What is the remainder when 86470 is divided by 1083?
913
What is the remainder when 988067 is divided by 39522?
17
Calculate the remainder when 1081891 is divided by 67615.
51
What is the remainder when 52685 is divided by 587?
442
What is the remainder when 12328015 is divided by 220143?
7
What is the remainder when 3443426656 is divided by 15162?
15160
Calculate the remainder when 104497 is divided by 103869.
628
What is the remainder when 1498718 is divided by 43?
39
What is the remainder when 799547 is divided by 399631?
285
What is the remainder when 375122 is divided by 3315?
527
Calculate the remainder when 5867395 is divided by 81.
79
Calculate the remainder when 168950942 is divided by 2179.
2177
What is the remainder when 62511457 is divided by 582?
1
Calculate the remainder when 409865 is divided by 1546.
175
Calculate the remainder when 83384 is divided by 571.
18
Calculate the remainder when 5807562 is divided by 483959.
54
What is the remainder when 167